prime factors of 8525?
5, 11, 31
What are the prime factors of 5119?
5119
List the prime factors of 4462.
2, 23, 97
List the prime factors of 27568.
2, 1723
List the prime factors of 819.
3, 7, 13
What are the prime factors of 5878?
2, 2939
What are the prime factors of 442?
2, 13, 17
List the prime factors of 10777.
13, 829
What are the prime factors of 18549?
3, 229
List the prime factors of 21132.
2, 3, 587
List the prime factors of 97292.
2, 13, 1871
List the prime factors of 85083.
3, 79, 359
What are the prime factors of 386?
2, 193
What are the prime factors of 17945?
5, 37, 97
List the prime factors of 45028.
2, 11257
What are the prime factors of 79283?
79283
List the prime factors of 12145.
5, 7, 347
List the prime factors of 21437.
13, 17, 97
What are the prime factors of 57148?
2, 7, 13, 157
List the prime factors of 8267.
7, 1181
What are the prime factors of 24579?
3, 2731
List the prime factors of 356.
2, 89
List the prime factors of 10410.
2, 3, 5, 347
What are the prime factors of 1070?
2, 5, 107
List the prime factors of 4016.
2, 251
List the prime factors of 14620.
2, 5, 17, 43
List the prime factors of 13451.
13451
What are the prime factors of 2989?
7, 61
What are the prime factors of 53331?
3, 29, 613
List the prime factors of 55823.
55823
What are the prime factors of 4509?
3, 167
What are the prime factors of 2502?
2, 3, 139
List the prime factors of 21189.
3, 7, 1009
List the prime factors of 48546.
2, 3, 29, 31
List the prime factors of 3239.
41, 79
List the prime factors of 2107.
7, 43
List the prime factors of 9848.
2, 1231
What are the prime factors of 16992?
2, 3, 59
List the prime factors of 128020.
2, 5, 37, 173
What are the prime factors of 112423?
19, 61, 97
List the prime factors of 25467.
3, 13, 653
List the prime factors of 11836.
2, 11, 269
What are the prime factors of 1158?
2, 3, 193
List the prime factors of 92916.
2, 3, 29, 89
List the prime factors of 3663.
3, 11, 37
List the prime factors of 23811.
3, 7937
What are the prime factors of 6756?
2, 3, 563
What are the prime factors of 4647?
3, 1549
What are the prime factors of 584?
2, 73
List the prime factors of 5467.
7, 11, 71
List the prime factors of 9446.
2, 4723
What are the prime factors of 147212?
2, 13, 19, 149
What are the prime factors of 4688?
2, 293
List the prime factors of 669.
3, 223
List the prime factors of 17518.
2, 19, 461
What are the prime factors of 22046?
2, 73, 151
List the prime factors of 1333.
31, 43
List the prime factors of 101299.
11, 9209
List the prime factors of 216.
2, 3
What are the prime factors of 1959?
3, 653
What are the prime factors of 814?
2, 11, 37
What are the prime factors of 2452?
2, 613
List the prime factors of 48010.
2, 5, 4801
What are the prime factors of 71?
71
What are the prime factors of 634?
2, 317
List the prime factors of 5106.
2, 3, 23, 37
List the prime factors of 4472.
2, 13, 43
List the prime factors of 1695.
3, 5, 113
What are the prime factors of 42692?
2, 13, 821
List the prime factors of 6579.
3, 17, 43
List the prime factors of 1383.
3, 461
What are the prime factors of 2548?
2, 7, 13
List the prime factors of 7660.
2, 5, 383
What are the prime factors of 110996?
2, 27749
List the prime factors of 115663.
115663
List the prime factors of 29583.
3, 19, 173
What are the prime factors of 6869?
6869
List the prime factors of 11205.
3, 5, 83
List the prime factors of 649.
11, 59
List the prime factors of 100410.
2, 3, 5, 3347
What are the prime factors of 37806?
2, 3, 6301
List the prime factors of 14858.
2, 17, 19, 23
What are the prime factors of 4295?
5, 859
List the prime factors of 76619.
17, 4507
What are the prime factors of 29368?
2, 3671
What are the prime factors of 1093?
1093
What are the prime factors of 4997?
19, 263
List the prime factors of 1917.
3, 71
What are the prime factors of 4162?
2, 2081
What are the prime factors of 155011?
379, 409
What are the prime factors of 858?
2, 3, 11, 13
List the prime factors of 90752.
2, 709
List the prime factors of 254.
2, 127
List the prime factors of 135018.
2, 3, 13, 577
What are the prime factors of 151640?
2, 5, 17, 223
List the prime factors of 20638.
2, 17, 607
List the prime factors of 1119.
3, 373
List the prime factors of 7689.
3, 11, 233
What are the prime factors of 3349?
17, 197
What are the prime factors of 45526?
2, 13, 17, 103
List the prime factors of 4072.
2, 509
List the prime factors of 13.
13
What are the prime factors of 1548?
2, 3, 43
List the prime factors of 3120.
2, 3, 5, 13
List the prime factors of 14844.
2, 3, 1237
List the prime factors of 126045.
3, 5, 2801
What are the prime factors of 19544?
2, 7, 349
List the prime factors of 26301.
3, 11, 797
What are the prime factors of 905?
5, 181
List the prime factors of 616.
2, 7, 11
What are the prime factors of 1856?
2, 29
What are the prime factors of 2666?
2, 31, 43
What are the prime factors of 2955?
3, 5, 197
List the prime factors of 1312.
2, 41
List the prime factors of 1669.
1669
List the prime factors of 47275.
5, 31, 61
List the prime factors of 25602.
2, 3, 17, 251
List the prime factors of 117738.
2, 3, 31, 211
What are the prime factors of 1216?
2, 19
List the prime factors of 37301.
11, 3391
What are the prime factors of 514?
2, 257
List the prime factors of 3606.
2, 3, 601
List the prime factors of 32442.
2, 3, 5407
List the prime factors of 3671.
3671
List the prime factors of 1061.
1061
What are the prime factors of 173861?
173861
List the prime factors of 13320.
2, 3, 5, 37
What are the prime factors of 35509?
35509
List the prime factors of 20954.
2, 10477
List the prime factors of 53254.
2, 26627
List the prime factors of 9061.
13, 17, 41
List the prime factors of 294.
2, 3, 7
What are the prime factors of 13350?
2, 3, 5, 89
What are the prime factors of 5437?
5437
List the prime factors of 5066.
2, 17, 149
What are the prime factors of 20561?
29, 709
List the prime factors of 2567.
17, 151
What are the prime factors of 1293?
3, 431
List the prime factors of 2109.
3, 19, 37
What are the prime factors of 76597?
76597
List the prime factors of 943.
23, 41
List the prime factors of 2386.
2, 1193
What are the prime factors of 12554?
2, 6277
What are the prime factors of 119069?
119069
List the prime factors of 7549.
7549
List the prime factors of 1450.
2, 5, 29
What are the prime factors of 8660?
2, 5, 433
List the prime factors of 6124.
2, 1531
List the prime factors of 64585.
5, 12917
What are the prime factors of 903?
3, 7, 43
List the prime factors of 8479.
61, 139
List the prime factors of 39050.
2, 5, 11, 71
List the prime factors of 2403.
3, 89
What are the prime factors of 20135?
5, 4027
What are the prime factors of 458?
2, 229
What are the prime factors of 4752?
2, 3, 11
List the prime factors of 955.
5, 191
List the prime factors of 35498.
2, 17749
What are the prime factors of 54284?
2, 41, 331
What are the prime factors of 15333?
3, 19, 269
What are the prime factors of 38983?
7, 5569
What are the prime factors of 4747?
47, 101
What are the prime factors of 5965?
5, 1193
List the prime factors of 1744.
2, 109
What are the prime factors of 3174?
2, 3, 23
List the prime factors of 4729.
4729
What are the prime factors of 11416?
2, 1427
What are the prime factors of 548?
2, 137
List the prime factors of 3863.
3863
What are the prime factors of 756?
2, 3, 7
What are the prime factors of 2180?
2, 5, 109
What are the prime factors of 34463?
11, 13, 241
List the prime factors of 1412.
2, 353
What are the prime factors of 25168?
2, 11, 13
What are the prime factors of 1428?
2, 3, 7, 17
What are the prime factors of 393?
3, 131
What are the prime factors of 12270?
2, 3, 5, 409
List the prime factors of 4695.
3, 5, 313
What are the prime factors of 538?
2, 269
List the prime factors of 34666.
2, 17333
List the prime factors of 119130.
2, 3, 5, 11, 19
List the prime factors of 778.
2, 389
What are the prime factors of 3823?
3823
List the prime factors of 3385.
5, 677
What are the prime factors of 40065?
3, 5, 2671
What are the prime factors of 84146?
2, 42073
List the prime factors of 2999.
2999
What are the prime factors of 220?
2, 5, 11
List the prime factors of 5284.
2, 1321
List the prime factors of 8850.
2, 3, 5, 59
What are the prime f